 Let d(w) = -5*m(w) + 3*q(w). Let s(o) = -o + 2. Let k be s(-1). What is d(k)?
4
Let j(v) be the second derivative of 2 + 0*v**2 + 1/20*v**5 - 7/6*v**3 - 1/2*v**4 - 14*v. Determine j(7).
0
Let g be 42/(-7) - -18 - 3. Let l(a) = g - a + 0*a + 1 + 2*a + a. Calculate l(-5).
0
Suppose 2*p - 84 = -2*p. Suppose -14*f + 11*f + p = 0. Let k(j) = 15*j - 4*j - 2*j - 10*j + f. Determine k(7).
0
Let q(a) = 32*a + 1907. Let s be q(-59). Let y(d) = 7*d - 129. Give y(s).
4
Let c(h) = -3*h**2 + 11*h. Let o(u) = -14*u**2 + 61*u + 4. Let n(f) = 5*c(f) - o(f). Let d = -14 - -7. Calculate n(d).
-11
Let k(x) = 8*x. Suppose -5*y - 3*f = -59, -4*f + 18 = 3*y - 8*f. Suppose y = 9*s - 17. Give k(s).
24
Let x(i) be the third derivative of -i**4/12 - 3*i**3/2 + i**2. Suppose 34 + 194 = 12*s. Suppose 92 = -s*k - 22. Give x(k).
3
Let o be ((-5)/10)/((-29)/(-232)). Let l(w) = -8*w - 18. Give l(o).
14
Let p(a) = a**2 + 9*a + 7. Suppose 0 = 2*i - i - 2. Suppose -2*v - i = 4*r + 4, -2*r = -2. Let d(n) = -n**2 - 8*n - 22. Let z be d(v). Give p(z).
-7
Let p(n) = -n**2 - 3*n + 2. Let k(q) = -q - 1. Let l(i) = -k(i) - p(i). Let b(v) = -17*v - 224. Suppose m - 13 = -26. Let u be b(m). What is l(u)?
-4
Let q = -8503 - -8474. Let m(r) = -r**3 - 29*r**2 + r + 21. Calculate m(q).
-8
Let b(q) be the third derivative of q**5/60 - 11*q**4/24 - 74*q**3/3 - 1569*q**2 - q. Calculate b(-8).
4
Let l(t) be the first derivative of -2*t**2 - 24*t + 1. Let p(j) be the first derivative of -j**2/2 - 6*j + 411. Let i(r) = 2*l(r) - 9*p(r). Determine i(0).
6
Let f(k) be the third derivative of 1/8*k**4 + 0*k + 1/3*k**3 + 0 + 110*k**2 + 1/120*k**6 - 1/10*k**5. Give f(6).
20
Suppose 5*u - 31*q + 28*q - 721 = 0, 2*q - 139 = -u. Let w(i) = -u*i + 2 + 65*i + 79*i. Let f = 6 - 3. Give w(f).
5
Suppose 0 = 11*o + 178 + 75. Let p(u) = -2*u**2 - 45*u + 15. Give p(o).
-8
Let o(c) = 0*c**3 - c**2 - 27355 - 4*c**2 + c**3 + 54712 - 27352 - c. What is o(6)?
35
Let z(b) = -b**2 + 4. Let h = -77 + 44. Let w be 2/6 - 121/h. Suppose -5*l = -5*u - 25, -w*l - l = -4*u - 25. Calculate z(u).
4
Let s(k) = -4*k**2 + k - 5. Let u(c) = -5*c**2 - c - 7. Let y(h) = 6*s(h) - 5*u(h). Give y(-11).
5
Let v(w) = 6*w**2 - w + 1. Let m(k) = 17*k**2 - 2*k + 2. Let r = 6 + -14. Let y(o) = r*v(o) + 3*m(o). What is y(-2)?
6
Let k be (-12)/4 - (-6)/2. Let z(p) be the second derivative of 1/6*p**3 + 1/12*p**4 + 0 + 5*p - 7/2*p**2. Calculate z(k).
-7
Let m(g) = 1 + 6973*g**2 + 9*g - 4 - 6974*g**2. Determine m(6).
15
Let o(v) = -240*v - 6 + 478*v - 222*v. What is o(-2)?
-38
Let n(b) = -2*b**3 + b**2 - 1. Suppose -8*m = -9*m + 1. Let f(q) = -11*q**3 + 12*q**2 + 5*q - 6. Let a(r) = m*f(r) - 6*n(r). Calculate a(-5).
0
Let k(x) = -6*x**3 - 25*x**2 - 7*x - 9. Let a be k(-4). Let h(t) = 6*t - 4*t**2 + 1 - 7*t**2 + 10*t**2. Determine h(a).
10
Suppose 12 = 6*b - 72. Suppose -6 = 2*y + b. Let f(d) = -d - 8. Calculate f(y).
2
Let r(o) = 2158 + 16*o - 1085 + 0*o - o**2 - 1073. What is r(16)?
0
Suppose -3*w + 55 = -14. Suppose -2*b - 27 = 5*r, 2*b - w = -3*r + 8*r. Let y(t) = -32*t**3 - t - 1. Determine y(b).
32
Let p be 1/((-84)/8) + (-506)/(-462). Let t(v) = 27*v**3 + 2*v**2 - 2. Determine t(p).
27
Let v be 3/((1/(-3))/(4/(-12))). Let g be (0/((-12)/2))/(-2 + v). Suppose 3*d - 6 + 33 = g. Let l(b) = b + 3. Calculate l(d).
-6
Suppose 3*w + 5*g = g - 21, 4*w = g - 47. Let d(p) be the third derivative of -p**4/24 - 5*p**3/3 - 30*p**2 - 13. What is d(w)?
1
Let q(u) be the first derivative of 3*u**4/4 - 2*u**3/3 - u**2 + u + 175. Suppose 0 = -3*g + 3*s + 12, 0*g + 2*g - 4*s = 12. Calculate q(g).
13
Let k(s) = 99*s - 57*s - 49*s. Let y(i) = 13*i + 9. Let f(x) = 2*k(x) + y(x). What is f(8)?
1
Let d = 854855 + -854851. Let q(w) = 6*w + 1 - w**2 - 2 + 0*w**2. Determine q(d).
7
Let j(v) = -2*v**2 - 2*v + 6. Let u be 15 + 1 + (161 - 172) - 3. Calculate j(u).
-6
Let y(m) be the first derivative of 15*m**2/2 - 6*m + 883. What is y(-4)?
-66
Let k(x) = 17*x**3 - 6*x**2 + 7*x + 7. Let n(a) = 15*a**3 - 5*a**2 + 6*a + 6. Let l(m) = -7*k(m) + 8*n(m). Determine l(-2).
1
Let h(i) = -12*i - 2. Suppose -3*c + 8*c = -0*y + 5*y, 0 = -3*y. Determine h(c).
-2
Let p(i) = 6*i + 16. Suppose 0 = 2*j + 4*m + 20, 0 = 4*j + 6*m - 9*m - 4. Determine p(j).
4
Let q(w) be the first derivative of -w**4/4 + 3*w**2/2 + 2*w - 447. Let d be -2*(-8)/(-6) - (-1)/(-3). What is q(d)?
20
Let p(l) = l**3 - 14*l**2 - 3*l + 36. Let r be p(14). Let j(y) = 65*y - 77. Let g(o) = -23*o + 26. Let c(a) = r*j(a) - 17*g(a). Calculate c(-10).
10
Let v be (-51)/(-45) + 46/(-253) + (-24)/(-495). Let j(w) = -21*w + 26. Give j(v).
5
Let b(t) = 28*t + 2. Let p(r) = -67*r - 53. Let s(h) = -2*b(h) - p(h). Calculate s(-5).
-6
Let u(w) be the second derivative of -w**4/4 - 37*w**2/2 + 961*w. Determine u(0).
-37
Let c(s) = 3*s - 10. Suppose -3*n + 5*n - 126 = 2*l, 5*l = -2*n + 154. Suppose -4*z + n - 23 = 0. Calculate c(z).
23
Let t(u) be the first derivative of 11*u**2/2 + 19*u + 5170. Give t(-11).
-102
Let c be 1 + 50 + -4 + 3. Suppose c = 8*i - 3*i. Let h be i/6*180/50. Let s(y) = 2*y - 7. Determine s(h).
5
Let g(d) = 3*d**2 - d - 12. Let z be ((-34)/51)/((-7)/(-63)). Give g(z).
102
Let s(f) = -3 - 3*f**2 + 1 + 6 + f**2. Let q = 1482 - 1486. Calculate s(q).
-28
Suppose 47*k - 44*k + o + 46 = 0, -5*o + 70 = -5*k. Let f(r) = 2*r**2 + 26*r - 3. What is f(k)?
57
Let b(y) = -88*y - 11 + 49*y + 48*y. Let x(t) = -3*t + 4. Let a(g) = -6*b(g) - 17*x(g). What is a(4)?
-14
Let z be 54/4*(3 + (-66)/18). Let q(b) = 5*b + 41. Let c be q(z). Let a(d) = -d - 4. Give a(c).
0
Let b(k) be the second derivative of k**6/120 - k**5/10 + k**4/4 - k**3/2 - 67*k**2 - 155*k. Let q(d) be the first derivative of b(d). Calculate q(4).
-11
Suppose -13*n = 2*r - 14*n + 2, 26 = -2*r - 5*n. Let s(l) = -l + 7. Give s(r).
10
Let x(k) = k**2 + 6*k + 7. Suppose 22*y = -8*y + 39930. Suppose -1307 = -8*j - y. Give x(j).
-2
Let a = -33 - -26. Let g(s) = -s**3 + 5*s - 4. Let i be g(-3). Let d(l) = 23*l - 12*l - i*l + 1. Determine d(a).
-20
Suppose -15*o = -3*o - 1128. Let g = o + -98. Let j(t) = t**2 + 4*t - 4. Calculate j(g).
-4
Let w be 36/342 + 3462/(-38) - -1. Let b = w + 95. Let o(c) = 2*c**2 - 7*c + 3. What is o(b)?
18
Suppose 0 = 5*y + 737 - 767. Let b(p) = -2*p + 5. Let m = 18 - 14. Let g(x) = 1. Let w(z) = m*g(z) + b(z). What is w(y)?
-3
Let h be (-36)/4*(5 - (-16)/(-3)). Let l(p) = -535 + 535 - h*p. What is l(4)?
-12
Let g(h) be the second derivative of -h**5/20 + h**4/3 + 2*h**3/3 - h**2 + h. Suppose 4*l - 1039 = 497. Let o = l + -379. Give g(o).
-7
Let n(g) be the third derivative of 1/3*g**3 + 0*g - 5/24*g**4 - 3*g**2 + 0. Suppose -6*p + 4039 = 4021. Determine n(p).
-13
Let z = -690 + 677. Let x(y) = -y**3 - 14*y**2 - 12*y - 8. Determine x(z).
-21
Let l(t) be the third derivative of 0*t + 19/24*t**4 + 1/6*t**3 - 2*t**2 - 34. Determine l(1).
20
Let a be -10*(-4)/(-16)*-2. Let r(k) = -3*k**2 + 4*k - 1. Let y = 72 - 74. Let z(i) = 7*i**2 - 8*i + 2. Let b(x) = y*z(x) - 5*r(x). Determine b(a).
6
Let n(q) = -57*q**2. Suppose 227*y - 101*y = 105*y - 21. Determine n(y).
-57
Let v(p) be the third derivative of p**6/120 + 11*p**5/60 - 7*p**4/12 - 19*p**3/3 - 219*p**2 + p + 3. Determine v(-12).
-14
Let o(v) = 5*v**2 - 23*v - 56. Let a(z) = -11*z**2 + 45*z + 138. Let c(y) = 2*a(y) + 5*o(y). Determine c(8).
-12
Let i(u) = -29*u - 1808*u**2 + 1786*u**2 + u**3 - 19*u. Determine i(24).
0
Let t = -274 - -283. Let v(k) = 2*k**2 - 4*k - 3*k**2 - 7 + 0*k**2 + t. Give v(-6).
-10
Let i(l) = 9*l. Let y(s) be the second derivative of s**3/6 + 145*s. Let a(h) = -i(h) - 12*y(h). Determine a(-1).
21
Let z be (598/(-52))/(-23)*-22*3. Let p(j) = -j**3 - 33*j**2 - j - 25. Calculate p(z).
8
Let q(a) = -a**2 - 3*a + 19. Let w(u) = -22*u**2 + 72*u - 25. Let i be w(3). What is q(i)?
-9
Let t(o) = 39*o**3 - o**2 - 43*o - 58. Let w(m) = 112*m**3 - 5*m**2 - 128*m - 176. Let r(p) = -23*t(p) + 8*w(p). Give r(-15).
1
Let d(b) be the third derivative of 0*b + 1/3*b**3 + 1/6*b**4 + 0 + 60*b**2 - 1/60*b**5. Calculate d(5).
-3
Let a(l) = -3*l. Let q = 204 - 193. Let d be (q/7 - 1)/((-4)/(-14)). Calculate a(d).
-6
Let y = 223 - 227. Let d be 18/(-9) - (y + 3). Let z(b) = 18*b + 1. Give z(d).
-17
Let a(t) be the second derivative of 1/20*t**5 + 0 + t**2 + 98*t - 1/6*t**3 - 1/6*t**4. Give